factor of 147518950?
True
Is 71779912 a multiple of 172?
False
Does 721 divide 231358085?
True
Is 504 a factor of 3536069040?
True
Is 1783822960 a multiple of 47?
True
Is 18 a factor of 733157964?
True
Is 884495053 a multiple of 49?
False
Does 8 divide 28015646?
False
Is 171268284 a multiple of 132?
True
Is 1126791226 a multiple of 22?
True
Is 6 a factor of 37505004?
True
Is 41250293 a multiple of 6?
False
Does 75 divide 30101218?
False
Is 9892754 a multiple of 9?
False
Does 14 divide 1195572532?
True
Is 374641400 a multiple of 25?
True
Is 122408481 a multiple of 617?
True
Is 441269225 a multiple of 65?
False
Does 158 divide 27181963?
False
Is 4147 a factor of 3469604138?
True
Does 14 divide 12477626?
True
Is 1397 a factor of 2901502081?
False
Does 30 divide 5266800?
True
Is 63807169 a multiple of 236?
False
Does 619 divide 5231603538?
True
Is 566208533 a multiple of 5577?
False
Does 37 divide 3285082?
True
Is 2633 a factor of 1167767096?
True
Is 115 a factor of 853183275?
True
Is 13 a factor of 38187144?
False
Is 366270616 a multiple of 2362?
True
Is 48 a factor of 423249841?
False
Is 15 a factor of 35905860?
True
Is 227 a factor of 141641417?
True
Does 249 divide 89088662?
False
Is 1534518370 a multiple of 46?
True
Is 1401 a factor of 1843883?
False
Does 10390 divide 2244717940?
True
Is 2563810 a multiple of 230?
True
Does 3096 divide 742952517?
False
Is 1913592560 a multiple of 7832?
True
Does 27 divide 14658192?
True
Is 75 a factor of 2221410000?
True
Is 5118268137 a multiple of 2144?
False
Is 456788791 a multiple of 4856?
False
Is 9 a factor of 594881126?
False
Does 128 divide 1278316616?
False
Does 8 divide 34768472?
True
Does 95 divide 671159630?
False
Is 13 a factor of 985880452?
False
Is 109516567 a multiple of 625?
False
Is 210406883 a multiple of 85?
False
Is 15 a factor of 9222722?
False
Is 10 a factor of 1893565470?
True
Is 2361775806 a multiple of 8478?
True
Is 900245752 a multiple of 4?
True
Is 992035019 a multiple of 42?
False
Is 91 a factor of 8248696391?
False
Does 31 divide 74406385?
False
Is 7 a factor of 26721621?
False
Is 220 a factor of 2849938960?
True
Is 121 a factor of 215218002?
False
Is 292708571 a multiple of 20?
False
Is 205 a factor of 59130610?
True
Does 11 divide 51162540?
True
Does 284 divide 68016864?
True
Does 10 divide 101238700?
True
Is 805 a factor of 41484722?
False
Is 98 a factor of 91310344?
False
Is 23 a factor of 23057799?
True
Is 23257600 a multiple of 50?
True
Is 18 a factor of 34637649?
False
Is 2689 a factor of 326347796?
True
Is 5143 a factor of 10424861?
True
Is 367693 a multiple of 20?
False
Is 38 a factor of 9923945?
False
Is 23 a factor of 288817703?
False
Is 161 a factor of 2268007?
True
Is 30903800 a multiple of 200?
True
Is 11892647 even?
False
Is 288 a factor of 103190112?
True
Is 30956240 a multiple of 112?
True
Is 145940625 a multiple of 25?
True
Is 1245 a factor of 611402070?
True
Is 62818938 a multiple of 14?
True
Is 6376965 a multiple of 7?
True
Is 191 a factor of 175773039?
False
Is 14 a factor of 1202446?
True
Does 2883 divide 128584683?
True
Is 567715018 a multiple of 10?
False
Is 949 a factor of 1510463152?
False
Is 165461860 a multiple of 36?
False
Is 3 a factor of 2485821?
True
Is 8 a factor of 1211253?
False
Is 10 a factor of 194776759?
False
Does 12 divide 36932187?
False
Does 1406 divide 321809498?
True
Is 57300557 a multiple of 1546?
False
Is 335885646 a multiple of 13?
False
Is 11757120 a multiple of 370?
True
Does 141 divide 6664583409?
True
Is 109 a factor of 54394488?
True
Does 107 divide 39084318?
True
Is 14956000 a multiple of 10?
True
Is 7 a factor of 23070439?
True
Does 117 divide 1089098361?
True
Is 7 a factor of 50404914?
True
Is 91771428 a multiple of 406?
True
Is 42116900 a multiple of 50?
True
Is 236124924 a multiple of 294?
True
Does 25 divide 51509988?
False
Is 64335862 a multiple of 58?
True
Is 711 a factor of 173954550?
False
Is 1359333537 a multiple of 2517?
True
Is 302568992 a multiple of 374?
True
Is 575 a factor of 72731175?
True
Is 173299061 a multiple of 4?
False
Does 396 divide 48936096?
True
Does 40 divide 15686840?
True
Is 13 a factor of 4653826634?
False
Does 15 divide 7789170?
True
Is 2137675224 a multiple of 214?
False
Is 232750632 a multiple of 1149?
True
Is 24 a factor of 5896633?
False
Is 423 a factor of 7863005?
False
Is 41618568 a multiple of 53?
True
Does 40 divide 13943393?
False
Does 34 divide 8822184?
True
Is 179 a factor of 16703210?
False
Is 96016833 a multiple of 51?
True
Is 11 a factor of 162638931?
False
Is 8 a factor of 1137994512?
True
Is 41833908 a multiple of 1240?
False
Is 1097424663 a multiple of 27?
False
Does 9 divide 567971091?
True
Is 2770 a factor of 474183801?
False
Is 238227912 a multiple of 156?
True
Is 3 a factor of 84999141?
True
Does 416 divide 345872384?
True
Is 249302672 a multiple of 16?
True
Does 1729 divide 4044240?
False
Is 14428491 a multiple of 539?
True
Is 916 a factor of 847824025?
False
Does 15 divide 594499860?
True
Is 140 a factor of 2443492959?
False
Does 14 divide 10780000?
True
Does 280 divide 2036008800?
True
Does 22 divide 61424861?
False
Does 20 divide 1716913124?
False
Is 9970067 a multiple of 263?
True
Is 3120 a factor of 516266400?
True
Is 29421705 a multiple of 4?
False
Is 278609424 a multiple of 24?
True
Does 20 divide 700328480?
True
Does 328 divide 824210763?
False
Is 794257815 a multiple of 195?
True
Is 266 a factor of 39818001?
False
Does 4783 divide 2853456158?
False
Is 573 a factor of 107088097?
False
Does 167 divide 44190872?
True
Is 721 a factor of 89309097?
False
Does 37 divide 64333570?
False
Does 367 divide 44517467?
True
Is 60831484 a multiple of 2044?
True
Is 43553575 a multiple of 13?
True
Is 25 a factor of 25761175?
True
Is 2318073120 a multiple of 880?
True
Is 48027342 a multiple of 4224?
False
Does 55 divide 5415265?
False
Does 842 divide 1332144639?
False
Is 1511 a factor of 4634897939?
False
Is 10 a factor of 34588760?
True
Is 1337 a factor of 170004289?
False
Does 7104 divide 82301804?
False
Is 46929279 a multiple of 395?
False
Is 234906595 a multiple of 1615?
True
Is 32779721 a multiple of 129?
False
Is 23559218 a multiple of 347?
True
Does 75 divide 229138523?
False
Is 3266 a factor of 229277847?
False
Does 38 divide 73154940?
True
Is 9199476 a multiple of 1787?
True
Is 1275 a factor of 6042225?
True
Is 1174 a factor of 523106224?
True
Is 1020522430 a multiple of 2659?
False
Is 899 a factor of 2903183852?
True
Does 55 divide 17490?
True
Does 30 divide 4439640?
True
Does 2 divide 367584244?
True
Is 78044955 a multiple of 3205?
True
Is 3197831770 a multiple of 171?
False
Does 43 divide 52231455?
True
Does 87 divide 639587882?
False
Does 312 divide 325978848?
True
Is 64 a factor of 745337408?
True
Does 4 divide 17486066?
False
Does 4 divide 489133452?
True
Does 22 divide 88571868?
True
Does 13 divide 447555932?
False
Is 2555898030 a multiple of 98?
False
Is 75651958 a multiple of 89?
True
Is 45 a factor of 34389944?
False
Is 33 a factor of 463914730?
False
Does 5093 divide 272465314?
True
Is 1334274 a multiple of 657?
False
Does 385 divide 1402213392?
False
Is 4 a factor of 45614762?
False
Is 1081462710 a multiple of 6085?
True
Does 474 divide 34051212?
True
Is 639290734 a multiple of 166?
True
Does 77 divide 9427407?
False
Does 222 divide 50048346?
True
Is 5 a factor of 398726408?
False
Does 1082 divide 519910738?
True
Does 13 divide 21658825?
False
Is 387225730 a multiple of 82?
True
Is 367929648 a multiple of 478?
False
Is 119 a factor of 1209118956?
False
Is 2507 a factor of 50818422?
False
Is 22543668 a multiple of 84?
True
Is 129 a factor of 74766701?
False
Is 139697541 a multiple of 213?
True
Does 8 divide 15000166?
False
Is 3462757 a multiple of 96?
False
Is 83832590 a multiple of 11?
False
Is 197 a factor of 2670780659?
False
Does 40 divide 71712205?
False
Does 322 divide 27799993?
False
Does 680 divide 59328259?
False
Is 27 a factor of 1323945?
True
Is 538620102 a multiple of 62?
True
Is 20297502 a multiple of 276?
False
Does 292 divide 12217084?
False
Is 4371279 a multiple of 341?
True
Does 43 divide 60885068?
False
Does 10 divide 386122430?
True
Is 141 a factor of 27463839?
True
Is 2289 a factor of 488387907?
True
Is 9 a factor of 1308090428?
False
Is 219